o base 12
633b
-4597 (base 13) to base 16
-261d
1101120021 (base 3) to base 16
6af9
Convert 3668 (base 12) to base 15.
1c38
Convert 10121 (base 6) to base 4.
111001
What is 2a (base 11) in base 5?
112
What is -a80 (base 16) in base 10?
-2688
What is 18043 (base 13) in base 9?
70324
Convert 1975 (base 10) to base 8.
3667
Convert 152b2 (base 13) to base 15.
bcd9
Convert -12381 (base 11) to base 12.
-a337
1743 (base 10) to base 5
23433
Convert 14e (base 15) to base 12.
20b
2112 (base 6) to base 9
578
What is -4318 (base 11) in base 9?
-7740
What is 1012001020 (base 3) in base 15?
6dc6
What is 520 (base 9) in base 15?
1d3
-309 (base 16) to base 5
-11102
Convert -440 (base 8) to base 9.
-350
Convert -16460 (base 7) to base 14.
-19d7
1661 (base 12) to base 11
2003
Convert -32430 (base 7) to base 6.
-101310
Convert -11a1c (base 14) to base 16.
-a88a
What is -13792 (base 10) in base 15?
-4147
221313 (base 4) to base 9
3606
Convert 1111 (base 4) to base 16.
55
What is -21532 (base 8) in base 9?
-13365
Convert 200111 (base 3) to base 4.
13303
Convert -114004 (base 6) to base 9.
-14564
330303 (base 4) to base 6
30003
20 (base 16) to base 8
40
What is -1927 (base 16) in base 14?
-24bd
Convert -a64 (base 13) to base 16.
-6ec
What is 11102 (base 5) in base 6?
3333
Convert -2629 (base 12) to base 5.
-114403
5413 (base 8) to base 15
c87
44052 (base 9) to base 7
151103
-9b3a (base 12) to base 10
-17182
1811 (base 15) to base 10
5191
What is -120000 (base 3) in base 15?
-1c0
What is 4788 (base 10) in base 8?
11264
Convert -110223 (base 4) to base 7.
-3600
-2723 (base 8) to base 4
-113103
Convert -1253 (base 7) to base 12.
-33b
311010 (base 4) to base 9
4583
Convert -55433 (base 6) to base 14.
-2b5b
Convert 3778 (base 13) to base 14.
2c25
Convert -a9 (base 16) to base 13.
-100
-42432 (base 5) to base 13
-13c7
-d4e (base 16) to base 11
-2617
3566 (base 11) to base 14
19b8
Convert -32012 (base 4) to base 7.
-2426
What is 121012 (base 5) in base 10?
4507
Convert 23624 (base 8) to base 12.
5a44
1408 (base 12) to base 4
210020
Convert -3781 (base 9) to base 7.
-11146
What is -33045 (base 8) in base 14?
-50a1
Convert -63ce (base 15) to base 12.
-1027b
Convert 2044 (base 9) to base 12.
a4a
205 (base 12) to base 9
355
Convert 155200 (base 6) to base 7.
62631
-36821 (base 9) to base 7
-132040
What is -11155 (base 8) in base 16?
-126d
What is 20132 (base 5) in base 12?
8b8
Convert 100001000011101 (base 2) to base 3.
212012212
Convert -2330 (base 7) to base 11.
-707
Convert -3418 (base 15) to base 8.
-25450
Convert 40b (base 14) to base 3.
1002110
1ab4 (base 12) to base 13
1672
Convert -7217 (base 14) to base 3.
-222220201
3404 (base 5) to base 15
21e
215305 (base 7) to base 13
14320
What is -26a (base 12) in base 16?
-172
-18d5 (base 15) to base 2
-1010011111111
Convert -65 (base 16) to base 8.
-145
-41344 (base 5) to base 4
-222210
What is 134230 (base 5) in base 12?
3279
What is 2122 (base 4) in base 15?
a4
-9a80 (base 11) to base 15
-3e02
180 (base 14) to base 10
308
What is -733 (base 12) in base 9?
-1383
Convert 17241 (base 10) to base 16.
4359
-348 (base 9) to base 7
-560
What is -459 (base 12) in base 5?
-10040
What is -5061 (base 9) in base 11?
-2864
52152 (base 6) to base 2
1101101000100
What is 332aa (base 11) in base 6?
1011302
-12b65 (base 13) to base 16
-8851
Convert 10645 (base 10) to base 9.
15537
30030 (base 4) to base 8
1414
Convert 8308 (base 11) to base 4.
2230023
20033 (base 4) to base 14
299
What is -a4a (base 16) in base 15?
-ba9
What is -321200 (base 4) in base 8?
-7140
Convert 3a1 (base 12) to base 5.
4203
-124403 (base 5) to base 8
-11562
-6248 (base 12) to base 3
-112200202
Convert -10443 (base 5) to base 2.
-1011101100
What is 3191 (base 11) in base 7?
15200
What is -221120 (base 3) in base 5?
-10230
Convert -74 (base 16) to base 13.
-8c
Convert -4375 (base 10) to base 6.
-32131
228 (base 13) to base 14
1c8
Convert 204 (base 12) to base 5.
2132
Convert f7 (base 16) to base 13.
160
Convert 387 (base 16) to base 2.
1110000111
What is -1339 (base 13) in base 10?
-2752
What is -1177 (base 13) in base 10?
-2464
What is 7157 (base 12) in base 15?
39a7
What is -1647 (base 13) in base 6?
-23050
1021022201 (base 3) to base 4
12012331
Convert -3bb (base 15) to base 14.
-44b
What is -21200 (base 3) in base 9?
-250
b938 (base 15) to base 7
222203
What is 2436 (base 7) in base 6?
4113
-205425 (base 8) to base 9
-113710
4592 (base 11) to base 9
8240
What is -12100 (base 4) in base 9?
-484
2322020 (base 4) to base 10
11912
5002 (base 8) to base 5
40222
-289 (base 10) to base 13
-193
5451 (base 12) to base 8
22075
2962 (base 10) to base 6
21414
5114 (base 6) to base 14
5a6
Convert -1247 (base 8) to base 11.
-568
-5433 (base 7) to base 14
-9c3
Convert -30618 (base 10) to base 6.
-353430
What is -5b7 (base 12) in base 16?
-35b
What is -1431404 (base 5) in base 9?
-45417
-4032214 (base 5) to base 15
-14274
-8a (base 14) to base 15
-82
18b4 (base 12) to base 7
11536
-120021 (base 6) to base 2
-10100010001101
472 (base 11) to base 9
685
Convert -1243 (base 5) to base 9.
-240
What is 333 (base 9) in base 4?
10101
-9972 (base 11) to base 15
-3d67
What is -1863 (base 14) in base 5?
-120044
1c40 (base 16) to base 14
28c8
Convert 4422 (base 10) to base 7.
15615
Convert 12154 (base 8) to base 16.
146c
What is 324331 (base 5) in base 4?
2233100
1913b (base 15) to base 6
1424145
Convert 666 (base 7) to base 11.
291
What is 8384 (base 10) in base 14?
30ac
What is -3482 (base 15) in base 9?
-16255
What is -10101011001 (base 2) in base 12?
-961
What is 14145 (base 6) in base 11?
1743
-11178 (base 11) to base 13
-7496
Convert -1202200000 (base 3) to base 5.
-2102444
What is c42a (base 16) in base 15?
ed2d
-25644 (base 7) to base 5
-204333
-5 (base 15) to base 6
-5
Convert 13012 (base 4) to base 11.
383
Convert -8d8 (base 15) to base 16.
-7d3
1073 (base 11) to base 16
583
What is c10 (base 14) in base 13?
1100
-269c (base 13) to base 10
-5537
What is 410 (base 12) in base 4?
21030
What is 121025 (base 7) in base 15?
679b
What is 570 (base 8) in base 14?
1cc
Convert -1221033 (base 4) to base 15.
-1ee0
478 (base 14) to base 10
890
Convert 10012133 (base 4) to base 8.
40637
What is 222202 (base 3) in base 14?
398
203210 (base 4) to base 11
178a
What is -6112 (base 8) in base 9?
-4275
Convert 1f23 (base 16) to base 11.
5a97
Convert -19843 (base 12) to base 4.
-21021303
Convert -73 (base 9) to base 8.
-102
-125013 (base 6) to base 15
-35dc
3b29 (base 12) to base 16
1a91
What is -6124 (base 13) in base 5?
-412011
What is 57577 (base 10) in base 3?
2220222111
What is 22121 (base 4) in base 8?
1231
What is -1111011000000 (base 2) in base 12?
-4680
Convert -aa4 (base 13) to base 10.
-1824
What is 76a (base 12) in base 13?
65b
Convert 1021 (base 11) to base 8.
2512
What is 4247 (base 9) in base 4?
300301
What is 3215 (base 6) in base 7?
2063
What is -3333114 (base 5) in base 16?
-e4a6
Convert -34a (base 12) to base 8.
-752
-4c11 (base 13) to base 4
-2221032
1461 (base 14) to base 11
2795
442 (base 13) to base 15
33a
Convert -11010101011 (base 2) to base 3.
-2100020
Convert 1b66 (base 16) to base 13.
3267
What is 5433 (base 7) in base 16?
78f
Convert dc2 (base 16) to base 12.
2056
What is 12348 (base 9) in base 10?
8306
Convert -204101 (base 5) to base 15.
-201b
What is -a01 (base 15) in base 5?
-33001
Convert -300 (base 9) to base 3.
-100000
Convert 72 (base 13) to base 4.
1131
Convert -816b (base 15) to base 13.
-c590
Convert 34526 (base 11) to base 5.
3044010
Convert 788 (base 9) to base 16.
287
What is 13233 (base 5) in base 7?
3054
Convert 8297 (base 11) to base 13.
500b
What is -10991 (base 11) in base 7?
-64103
What is 56497 (base 10) in base 11?
394a1
22d (base 14) to base 15
1dd
-3379 (base 14) to base 9
-13218
1472 (base 14) to base 9
4871
1064 (base 11) to base 16
579
Convert 1a27 (base 11) to base 9.
3465
1595 (base 10) to base 4
120323
What is 46b (base 13) in base 10?
765
What is -1052 (base 7) in base 5?
-3010
Convert -246 (base 12) to base 11.
-291
Convert -313300 (base 6) to base 2.
-110001100100100
What is -1377 (base 8) in base 6?
-3315
What is 871 (base 9) in base 3?
222101
4bb (base 16) to base 8
2273
-1bba0 (base 12) to base 2
-1010000111101000
Convert 5b00 (base